{"id":876,"date":"2026-01-09T11:25:27","date_gmt":"2026-01-09T11:25:27","guid":{"rendered":"https:\/\/plantillasweb.eu\/?page_id=876"},"modified":"2026-01-09T11:28:27","modified_gmt":"2026-01-09T11:28:27","slug":"plantilla-maite-inicio","status":"publish","type":"page","link":"https:\/\/plantillasweb.eu\/index.php\/plantilla-maite-inicio\/","title":{"rendered":"Plantilla Maite inicio"},"content":{"rendered":"\t\t<div data-elementor-type=\"wp-page\" data-elementor-id=\"876\" class=\"elementor elementor-876\" data-elementor-post-type=\"page\">\n\t\t\t\t<div class=\"elementor-element elementor-element-34bf9b4 e-con-full e-flex e-con e-parent\" data-id=\"34bf9b4\" data-element_type=\"container\">\n\t\t<div class=\"elementor-element elementor-element-cff63c1 e-flex e-con-boxed e-con e-child\" data-id=\"cff63c1\" data-element_type=\"container\" data-settings=\"{&quot;background_background&quot;:&quot;classic&quot;}\">\n\t\t\t\t\t<div class=\"e-con-inner\">\n\t\t<div class=\"elementor-element elementor-element-31a3ca1 e-flex e-con-boxed e-con e-child\" data-id=\"31a3ca1\" data-element_type=\"container\" data-settings=\"{&quot;background_background&quot;:&quot;classic&quot;}\">\n\t\t\t\t\t<div class=\"e-con-inner\">\n\t\t\t\t\t<\/div>\n\t\t\t\t<\/div>\n\t\t\t\t<div class=\"elementor-element elementor-element-20e197b elementor-widget elementor-widget-button\" data-id=\"20e197b\" data-element_type=\"widget\" data-widget_type=\"button.default\">\n\t\t\t\t\t\t\t\t\t\t<a class=\"elementor-button elementor-button-link elementor-size-sm\" href=\"https:\/\/eljardindedana.com\/ada\/\">\n\t\t\t\t\t\t<span class=\"elementor-button-content-wrapper\">\n\t\t\t\t\t\t\t\t\t<span class=\"elementor-button-text\">SERVICIO ADA<\/span>\n\t\t\t\t\t<\/span>\n\t\t\t\t\t<\/a>\n\t\t\t\t\t\t\t\t<\/div>\n\t\t\t\t\t<\/div>\n\t\t\t\t<\/div>\n\t\t\t\t<\/div>\n\t\t<div class=\"elementor-element elementor-element-8beb833 e-con-full e-flex e-con e-parent\" data-id=\"8beb833\" data-element_type=\"container\">\n\t\t<div class=\"elementor-element elementor-element-c2a6e1d e-flex e-con-boxed e-con e-child\" data-id=\"c2a6e1d\" data-element_type=\"container\" data-settings=\"{&quot;background_background&quot;:&quot;classic&quot;}\">\n\t\t\t\t\t<div class=\"e-con-inner\">\n\t\t\t\t<div class=\"elementor-element elementor-element-143308e elementor-widget elementor-widget-heading\" data-id=\"143308e\" data-element_type=\"widget\" data-widget_type=\"heading.default\">\n\t\t\t\t\t<h1 class=\"elementor-heading-title elementor-size-default\">UNIENDO ALMAS <\/h1>\t\t\t\t<\/div>\n\t\t\t\t<div class=\"elementor-element elementor-element-db99101 elementor-widget elementor-widget-heading\" data-id=\"db99101\" data-element_type=\"widget\" data-widget_type=\"heading.default\">\n\t\t\t\t\t<h2 class=\"elementor-heading-title elementor-size-default\">\"No es la especie, es el v\u00ednculo\"<\/h2>\t\t\t\t<\/div>\n\t\t\t\t<div class=\"elementor-element elementor-element-c915200 elementor-widget elementor-widget-spacer\" data-id=\"c915200\" data-element_type=\"widget\" data-widget_type=\"spacer.default\">\n\t\t\t\t\t\t\t<div class=\"elementor-spacer\">\n\t\t\t<div class=\"elementor-spacer-inner\"><\/div>\n\t\t<\/div>\n\t\t\t\t\t\t<\/div>\n\t\t\t\t<div class=\"elementor-element elementor-element-7abd08d elementor-widget elementor-widget-text-editor\" data-id=\"7abd08d\" data-element_type=\"widget\" data-widget_type=\"text-editor.default\">\n\t\t\t\t\t\t\t\t\t<p style=\"text-align: center;\"><strong><em>\u2014 Quieren enterrarle<\/em><\/strong><br \/><strong><em>\u2014 S\u00ed.<\/em><\/strong><br \/><strong><em>\u2014 Si esto es el amor, no lo quiero. Arrebat\u00e1dmelo, \u00a1por favor! \u00bfPor qu\u00e9 me causa tanto dolor?<\/em><\/strong><br \/><strong><em>\u2014 Porque era verdadero.<\/em><\/strong><\/p><p><em>Di\u00e1logo entre Thranduil y Tauriel tras la muerte de Kili en la pel\u00edcula El Hobbit: La Batalla de los Cinco Ej\u00e9rcitos.<\/em><\/p>\t\t\t\t\t\t\t\t<\/div>\n\t\t\t\t<div class=\"elementor-element elementor-element-16203b4 animated-slow elementor-invisible elementor-widget elementor-widget-image\" data-id=\"16203b4\" data-element_type=\"widget\" data-settings=\"{&quot;_animation&quot;:&quot;fadeIn&quot;}\" data-widget_type=\"image.default\">\n\t\t\t\t\t\t\t\t\t\t\t\t\t\t\t<img decoding=\"async\" width=\"300\" height=\"87\" src=\"https:\/\/plantillasweb.eu\/wp-content\/uploads\/2026\/01\/9-e1738569840121-300x87.png\" class=\"attachment-medium size-medium wp-image-871\" alt=\"\" srcset=\"https:\/\/plantillasweb.eu\/wp-content\/uploads\/2026\/01\/9-e1738569840121-300x87.png 300w, https:\/\/plantillasweb.eu\/wp-content\/uploads\/2026\/01\/9-e1738569840121-1024x295.png 1024w, https:\/\/plantillasweb.eu\/wp-content\/uploads\/2026\/01\/9-e1738569840121-768x221.png 768w, https:\/\/plantillasweb.eu\/wp-content\/uploads\/2026\/01\/9-e1738569840121-1536x443.png 1536w, https:\/\/plantillasweb.eu\/wp-content\/uploads\/2026\/01\/9-e1738569840121.png 1550w\" sizes=\"(max-width: 300px) 100vw, 300px\" \/>\t\t\t\t\t\t\t\t\t\t\t\t\t\t\t<\/div>\n\t\t\t\t\t<\/div>\n\t\t\t\t<\/div>\n\t\t\t\t<\/div>\n\t\t<div class=\"elementor-element elementor-element-c8f1cd4 e-con-full e-flex e-con e-parent\" data-id=\"c8f1cd4\" data-element_type=\"container\">\n\t\t<div class=\"elementor-element elementor-element-ceb27fc e-con-full e-flex e-con e-child\" data-id=\"ceb27fc\" data-element_type=\"container\" data-settings=\"{&quot;background_background&quot;:&quot;classic&quot;}\">\n\t\t<div class=\"elementor-element elementor-element-6daf668 e-con-full e-flex elementor-invisible e-con e-child\" data-id=\"6daf668\" data-element_type=\"container\" data-settings=\"{&quot;background_background&quot;:&quot;classic&quot;,&quot;animation&quot;:&quot;fadeInLeft&quot;}\">\n\t\t<div class=\"elementor-element elementor-element-3b363b3 e-grid e-con-full e-con e-child\" data-id=\"3b363b3\" data-element_type=\"container\" data-settings=\"{&quot;background_background&quot;:&quot;classic&quot;}\">\n\t\t<div class=\"elementor-element elementor-element-c581c52 e-con-full e-flex e-con e-child\" data-id=\"c581c52\" data-element_type=\"container\" data-settings=\"{&quot;background_background&quot;:&quot;classic&quot;}\">\n\t\t\t\t<\/div>\n\t\t<div class=\"elementor-element elementor-element-973fe6d e-con-full e-flex e-con e-child\" data-id=\"973fe6d\" data-element_type=\"container\" data-settings=\"{&quot;background_background&quot;:&quot;classic&quot;}\">\n\t\t\t\t<\/div>\n\t\t\t\t<\/div>\n\t\t\t\t<\/div>\n\t\t\t\t<div class=\"elementor-element elementor-element-258877b elementor-widget elementor-widget-text-editor\" data-id=\"258877b\" data-element_type=\"widget\" data-widget_type=\"text-editor.default\">\n\t\t\t\t\t\t\t\t\t<p>El amor es la fuerza universal que sostiene todo y es la esencia de la vida misma y de todo el universo. Nos conecta profundamente con quienes compartimos nuestro camino y, cuando perdemos a un ser querido, ese amor puede quedar empa\u00f1ado por un dolor dif\u00edcil de sobrellevar. A veces, el miedo a enfrentar ese dolor de nuevo nos lleva a cerrar el coraz\u00f3n, evitando volver a amar. Sin darnos cuenta quedamos atrapad@s en el sufrimiento y el recuerdo de nuestro ser querido se convierte en uno de pesar, tapando el amor que era nuestro nexo.<\/p><p>Ese proceso es a\u00fan m\u00e1s complicado cuando se trata del duelo por la p\u00e9rdida de un animal. Estos duelos suelen ser invisibilizados, minimizados e incomprendidos. Muchas veces, esta falta de reconocimiento nos hace reprimir e ignorar nuestras emociones, temiendo el juicio de los dem\u00e1s e intentando convencernos de que \u201chay cosas peores\u201d, y nos deja con un coraz\u00f3n lleno de preguntas. Pero el dolor no procesado no desaparece; se acumula y, en alg\u00fan momento, se manifiesta con mayor intensidad.<\/p><p>Quiero invitarte a recordar que el amor por ese ser que tanto significa para ti no se pierde cuando su cuerpo deja de respirar. Ese amor trasciende lo f\u00edsico: es un v\u00ednculo eterno que nos mantiene unid@s para siempre, m\u00e1s all\u00e1 de lo que nuestros ojos pueden ver.<\/p><p>Mi prop\u00f3sito en\u00a0<strong>El Jard\u00edn de Dana<\/strong>\u00a0es acompa\u00f1arte en este camino, ofreci\u00e9ndote un espacio seguro para transitar tu duelo.<\/p><p>Estoy aqu\u00ed para escucharte, sostenerte y ayudarte a superar ese sufrimiento que provoca la p\u00e9rdida. Acompa\u00f1arte en este proceso y contribuir a que t\u00fa y tu animal (porque ell@s tambi\u00e9n forman parte de este proceso) pod\u00e1is conectar de nuevo desde el amor y la luz y no desde el pesar. Honrar ese lazo de uni\u00f3n significa integrar su legado de una manera que celebre su vida y el amor que compartisteis, sin cargas no resueltas.<\/p><p>S\u00e9 que este camino puede ser dif\u00edcil, pero no est\u00e1s sol@. Intentar\u00e9 ense\u00f1arte a verl@ desde otra perspectiva: no con los ojos f\u00edsicos, sino con los ojos del coraz\u00f3n.<\/p><p>.<\/p>\t\t\t\t\t\t\t\t<\/div>\n\t\t\t\t<\/div>\n\t\t\t\t<\/div>\n\t\t<div class=\"elementor-element elementor-element-ef0fe5d e-con-full e-flex e-con e-parent\" data-id=\"ef0fe5d\" data-element_type=\"container\">\n\t\t<div class=\"elementor-element elementor-element-9e49daf e-con-full e-flex e-con e-child\" data-id=\"9e49daf\" data-element_type=\"container\" data-settings=\"{&quot;background_background&quot;:&quot;classic&quot;,&quot;shape_divider_top&quot;:&quot;opacity-tilt&quot;}\">\n\t\t\t\t<div class=\"elementor-shape elementor-shape-top\" aria-hidden=\"true\" data-negative=\"false\">\n\t\t\t<svg xmlns=\"http:\/\/www.w3.org\/2000\/svg\" viewBox=\"0 0 2600 131.1\" preserveAspectRatio=\"none\">\n\t<path class=\"elementor-shape-fill\" d=\"M0 0L2600 0 2600 69.1 0 0z\"\/>\n\t<path class=\"elementor-shape-fill\" style=\"opacity:0.5\" d=\"M0 0L2600 0 2600 69.1 0 69.1z\"\/>\n\t<path class=\"elementor-shape-fill\" style=\"opacity:0.25\" d=\"M2600 0L0 0 0 130.1 2600 69.1z\"\/>\n<\/svg>\t\t<\/div>\n\t\t\t\t<div class=\"elementor-element elementor-element-4c6b97b elementor-widget elementor-widget-heading\" data-id=\"4c6b97b\" data-element_type=\"widget\" data-widget_type=\"heading.default\">\n\t\t\t\t\t<h1 class=\"elementor-heading-title elementor-size-default\">SOBRE M\u00cd<\/h1>\t\t\t\t<\/div>\n\t\t\t\t<div class=\"elementor-element elementor-element-65364d6 elementor-widget elementor-widget-image\" data-id=\"65364d6\" data-element_type=\"widget\" data-widget_type=\"image.default\">\n\t\t\t\t\t\t\t\t\t\t\t\t\t\t\t<img fetchpriority=\"high\" decoding=\"async\" width=\"768\" height=\"561\" src=\"https:\/\/plantillasweb.eu\/wp-content\/uploads\/2026\/01\/8-768x561.png\" class=\"attachment-medium_large size-medium_large wp-image-880\" alt=\"\" srcset=\"https:\/\/plantillasweb.eu\/wp-content\/uploads\/2026\/01\/8-768x561.png 768w, https:\/\/plantillasweb.eu\/wp-content\/uploads\/2026\/01\/8-300x219.png 300w, https:\/\/plantillasweb.eu\/wp-content\/uploads\/2026\/01\/8-1024x748.png 1024w, https:\/\/plantillasweb.eu\/wp-content\/uploads\/2026\/01\/8-1536x1122.png 1536w, https:\/\/plantillasweb.eu\/wp-content\/uploads\/2026\/01\/8.png 2000w\" sizes=\"(max-width: 768px) 100vw, 768px\" \/>\t\t\t\t\t\t\t\t\t\t\t\t\t\t\t<\/div>\n\t\t\t\t<div class=\"elementor-element elementor-element-04a97a5 elementor-widget elementor-widget-text-editor\" data-id=\"04a97a5\" data-element_type=\"widget\" data-widget_type=\"text-editor.default\">\n\t\t\t\t\t\t\t\t\t<p>Mi nombre es Maite; me form\u00e9 como Ayudante T\u00e9cnico Veterinario y he creado el Jard\u00edn de Dana para dar visibilidad al Duelo Animal y ofrecer un apoyo sincero a quienes lo atraviesan. Son m\u00faltiples los motivos que me han llevado hasta aqu\u00ed. Esos m\u00faltiples motivos tienen forma de animal: desde perros, gatos, conejos y roedores, pasando por aves y reptiles. En cada una de esas muertes o p\u00e9rdidas, he experimentado un dolor indescriptible e incomprendido; nadie pod\u00eda alcanzar a entender lo que eso supon\u00eda para m\u00ed.<\/p><p>Desde que tengo uso de raz\u00f3n, los animales han formado parte de mi vida y esta ha girado en torno a ellos, tanto en convivencia como de rescatista. He experimentado sus p\u00e9rdidas de maneras variadas: muertes naturales, tempranas, por vejez, enfermedad, eutanasia, desapariciones\u2026S\u00e9 lo que es enfrentarse al vac\u00edo, a la culpa y al juicio externo. Pero tambi\u00e9n s\u00e9 que es posible transformar ese dolor en una conexi\u00f3n profunda y duradera con nuestros seres amados, quienes siempre permanecen con nosotros de alguna manera.<\/p><p>Mi camino de sanaci\u00f3n me llev\u00f3 a formarme como Acompa\u00f1ante en Duelo Animal con Laura Vidal y con su exclusivo M\u00e9todo Huella Emocional\u00ae. Hoy, con herramientas, experiencia y un coraz\u00f3n abierto, quiero ofrecerte el mismo apoyo que a m\u00ed me falt\u00f3 en momentos clave.<\/p>\t\t\t\t\t\t\t\t<\/div>\n\t\t\t\t<div class=\"elementor-element elementor-element-dc65cb7 elementor-align-center elementor-widget elementor-widget-button\" data-id=\"dc65cb7\" data-element_type=\"widget\" data-widget_type=\"button.default\">\n\t\t\t\t\t\t\t\t\t\t<a class=\"elementor-button elementor-button-link elementor-size-sm\" href=\"https:\/\/eljardindedana.com\/ada\/\">\n\t\t\t\t\t\t<span class=\"elementor-button-content-wrapper\">\n\t\t\t\t\t\t\t\t\t<span class=\"elementor-button-text\">SERVICIO ADA<\/span>\n\t\t\t\t\t<\/span>\n\t\t\t\t\t<\/a>\n\t\t\t\t\t\t\t\t<\/div>\n\t\t\t\t<\/div>\n\t\t\t\t<\/div>\n\t\t<div class=\"elementor-element elementor-element-a76880f e-con-full e-flex e-con e-parent\" data-id=\"a76880f\" data-element_type=\"container\">\n\t\t<div class=\"elementor-element elementor-element-6ca0a0a e-flex e-con-boxed e-con e-child\" data-id=\"6ca0a0a\" data-element_type=\"container\" data-settings=\"{&quot;background_background&quot;:&quot;classic&quot;}\">\n\t\t\t\t\t<div class=\"e-con-inner\">\n\t\t\t\t<div class=\"elementor-element elementor-element-6110892 animated-slow elementor-invisible elementor-widget elementor-widget-heading\" data-id=\"6110892\" data-element_type=\"widget\" data-settings=\"{&quot;_animation&quot;:&quot;fadeIn&quot;}\" data-widget_type=\"heading.default\">\n\t\t\t\t\t<h2 class=\"elementor-heading-title elementor-size-default\">\"Todos somos almas en un viaje infinito con un cuerpo temporal.\"<\/h2>\t\t\t\t<\/div>\n\t\t\t\t\t<\/div>\n\t\t\t\t<\/div>\n\t\t\t\t<\/div>\n\t\t<div class=\"elementor-element elementor-element-ae67414 e-con-full e-flex e-con e-parent\" data-id=\"ae67414\" data-element_type=\"container\">\n\t\t<div class=\"elementor-element elementor-element-fc7ce3c e-con-full e-flex e-con e-child\" data-id=\"fc7ce3c\" data-element_type=\"container\" data-settings=\"{&quot;background_background&quot;:&quot;classic&quot;}\">\n\t\t\t\t<div class=\"elementor-element elementor-element-cf4caf0 elementor-widget elementor-widget-heading\" data-id=\"cf4caf0\" data-element_type=\"widget\" data-widget_type=\"heading.default\">\n\t\t\t\t\t<h2 class=\"elementor-heading-title elementor-size-default\">El legado de Roy, Tim y Dana<\/h2>\t\t\t\t<\/div>\n\t\t\t\t<div class=\"elementor-element elementor-element-eddf1db elementor-widget elementor-widget-text-editor\" data-id=\"eddf1db\" data-element_type=\"widget\" data-widget_type=\"text-editor.default\">\n\t\t\t\t\t\t\t\t\t<p>Mis animales han sido mis grandes maestros. Sus vidas y despedidas moldearon mi camino hacia el acompa\u00f1amiento en duelo. Sus historias dieron forma a mi prop\u00f3sito, aun cuando yo ni siquiera sab\u00eda que este exist\u00eda. Todos tienen nombre, rostros, personalidades y esta es mi forma de honrarlos: dar luz al mundo animal del que formamos parte. No olvidemos que tambi\u00e9n somos animales y la palabra \u201canimal\u201d viene del lat\u00edn animal-alis, \u201cque tiene alma, aire, aliento\u201d. Tod@s somos almas en un viaje infinito con un cuerpo temporal.<\/p><p>Como son muchos los que forman parte de mi familia animal, tanto los que est\u00e1n f\u00edsicamente como los que est\u00e1n en alma, guardados en mi coraz\u00f3n, es imposible en esta p\u00e1gina nombrarlos a cada un@. Voy a limitarme a contar una breve historia sobre los tres \u00faltimos que me han acompa\u00f1ado en mi etapa adulta: Roy, Tim y Dana.<\/p>\t\t\t\t\t\t\t\t<\/div>\n\t\t\t\t<div class=\"elementor-element elementor-element-4a1468d elementor-widget elementor-widget-heading\" data-id=\"4a1468d\" data-element_type=\"widget\" data-widget_type=\"heading.default\">\n\t\t\t\t\t<h2 class=\"elementor-heading-title elementor-size-default\">Roy\ud83d\udc3e<\/h2>\t\t\t\t<\/div>\n\t\t<div class=\"elementor-element elementor-element-f9f7ceb e-grid e-con-full e-con e-child\" data-id=\"f9f7ceb\" data-element_type=\"container\">\n\t\t<div class=\"elementor-element elementor-element-48104df e-con-full e-flex e-con e-child\" data-id=\"48104df\" data-element_type=\"container\" data-settings=\"{&quot;background_background&quot;:&quot;classic&quot;}\">\n\t\t\t\t<\/div>\n\t\t\t\t<div class=\"elementor-element elementor-element-cc1aa2f elementor-widget elementor-widget-text-editor\" data-id=\"cc1aa2f\" data-element_type=\"widget\" data-widget_type=\"text-editor.default\">\n\t\t\t\t\t\t\t\t\t<p>\u00c9l fue el primer perro del que yo fui su \u00fanica responsable. Era mi amigo, mi protector, mi compa\u00f1ero, una extensi\u00f3n m\u00eda, mi avatar. Era el perro m\u00e1s noble, inteligente y bueno del mundo; gustaba a todos, hasta a los que no les gustaban los animales se enamoraban de \u00e9l. Ten\u00eda 3 meses cuando lleg\u00f3 a mi vida, tan delgadito, tan asustado. La primera noche la pas\u00f3 durmiendo a mi lado en su camita, \u00e9l solito, sin llorar ni molestar; era un santo. Tuve el privilegio de disfrutarlo durante 14 a\u00f1os y pasamos por muchas cosas juntos. Su muerte fue el fin de un ciclo y el comienzo de hacerse patente el dolor que ya llevaba acumulado desde la ni\u00f1ez por las otras p\u00e9rdidas. Recuerdo cuando dej\u00f3 de respirar; yo, tumbada a su lado, le susurr\u00e9: \u201cTe quiero, te voy a querer siempre. Corre, corre feliz por el prado\u201d. Con su \u00faltimo suspiro, una parte de m\u00ed se par\u00f3. Llegu\u00e9 a mi l\u00edmite (eso cre\u00eda) y dije: \u201cNo quiero m\u00e1s animales\u201d; no me ve\u00eda capaz de soportar m\u00e1s dolor.<\/p>\t\t\t\t\t\t\t\t<\/div>\n\t\t\t\t<\/div>\n\t\t\t\t<div class=\"elementor-element elementor-element-fd68fcf elementor-widget elementor-widget-heading\" data-id=\"fd68fcf\" data-element_type=\"widget\" data-widget_type=\"heading.default\">\n\t\t\t\t\t<h2 class=\"elementor-heading-title elementor-size-default\">Tim\ud83d\udc3e<\/h2>\t\t\t\t<\/div>\n\t\t<div class=\"elementor-element elementor-element-1d9ad25 e-grid e-con-full e-con e-child\" data-id=\"1d9ad25\" data-element_type=\"container\">\n\t\t\t\t<div class=\"elementor-element elementor-element-8b4474d elementor-widget elementor-widget-text-editor\" data-id=\"8b4474d\" data-element_type=\"widget\" data-widget_type=\"text-editor.default\">\n\t\t\t\t\t\t\t\t\t<p>Pero la vida tiene sus propios planes y, al poco tiempo, por circunstancias ajenas a m\u00ed, me hice cargo de otro perro de la familia, un peque\u00f1\u00edn llamado Tin, al que yo llamaba Tim, y no peque\u00f1\u00edn por edad (ten\u00eda 12 a\u00f1os), sino por su tama\u00f1o. \u00c9l se convirti\u00f3 en mi beb\u00e9, mi ni\u00f1o mimado, mi lapa; siempre pegado a m\u00ed, demand\u00e1ndome que lo cogiera en brazos con sus lloriqueos y ladridos. Era el perro m\u00e1s simp\u00e1tico y gracioso que he conocido. Solo pasamos 5 a\u00f1os juntos, pero el d\u00eda en que su min\u00fasculo cuerpo, con 17 a\u00f1os, qued\u00f3 vac\u00edo, yo cre\u00ed morir; un alarido sali\u00f3 de mi garganta que no par\u00f3 hasta mucho despu\u00e9s. De hecho, no es que me sintiera morir, es que quer\u00eda morir y marcharme con \u00e9l. Solo quer\u00eda estar a su lado. Si en ese momento me aseguran que si muero me re\u00fano con \u00e9l, me hubiera quitado la vida sin dudarlo. A pesar de sus 17 a\u00f1os, su muerte fue repentina; no estuvo enfermo, no estuvo viejo, no se deterior\u00f3. No me hab\u00eda hecho a la idea de que pod\u00eda ocurrir. Pero, aun creyendo que no pod\u00eda soportar m\u00e1s dolor despu\u00e9s de la muerte de Roy, soport\u00e9 tambi\u00e9n la de Tim, y a\u00fan no s\u00e9 ni c\u00f3mo. Ni siquiera meses despu\u00e9s pod\u00eda hablar de c\u00f3mo hab\u00eda sucedido; no consegu\u00eda verbalizarlo. Y, de nuevo, volv\u00ed a mi mantra desde la muerte de Roy: \u201cNo quiero tener m\u00e1s animales; no quiero sufrir m\u00e1s\u201d.<\/p>\t\t\t\t\t\t\t\t<\/div>\n\t\t<div class=\"elementor-element elementor-element-33266d4 e-con-full e-flex e-con e-child\" data-id=\"33266d4\" data-element_type=\"container\" data-settings=\"{&quot;background_background&quot;:&quot;classic&quot;}\">\n\t\t\t\t<\/div>\n\t\t\t\t<\/div>\n\t\t\t\t<div class=\"elementor-element elementor-element-d7c84ad elementor-widget elementor-widget-heading\" data-id=\"d7c84ad\" data-element_type=\"widget\" data-widget_type=\"heading.default\">\n\t\t\t\t\t<h2 class=\"elementor-heading-title elementor-size-default\">Dana\ud83d\udc3e<\/h2>\t\t\t\t<\/div>\n\t\t<div class=\"elementor-element elementor-element-96fde6e e-grid e-con-full e-con e-child\" data-id=\"96fde6e\" data-element_type=\"container\">\n\t\t<div class=\"elementor-element elementor-element-ca06ed1 e-con-full e-flex e-con e-child\" data-id=\"ca06ed1\" data-element_type=\"container\" data-settings=\"{&quot;background_background&quot;:&quot;classic&quot;}\">\n\t\t\t\t<\/div>\n\t\t\t\t<div class=\"elementor-element elementor-element-a97705e elementor-widget elementor-widget-text-editor\" data-id=\"a97705e\" data-element_type=\"widget\" data-widget_type=\"text-editor.default\">\n\t\t\t\t\t\t\t\t\t<p>Y, de nuevo, la vida hizo una carambola de la que no pude escapar y, a los 4 meses, lleg\u00f3 Dana, mi inspiraci\u00f3n para crear este espacio. Su partida fue una llamada a transformar el miedo y el sufrimiento en amor y prop\u00f3sito. Dana es este hermoso jard\u00edn que pretende recordar que el amor trasciende todas las barreras.<\/p><p>Con el tiempo, tuve la sensaci\u00f3n de que a Dana me la envi\u00f3 Tim, una especie de pacto. Las cosas sucedieron de una forma que parec\u00eda orquestada, perfecta. Al principio, yo no quer\u00eda ser su responsable; solo ser su acogida, ya que no ten\u00eda a d\u00f3nde ir. Era una perra con 8 a\u00f1os y su \u00fanica opci\u00f3n en ese momento era la perrera. Pero, m\u00e1gica como es ella, fue haci\u00e9ndose hueco en el coraz\u00f3n de cada uno de los miembros de la familia de una manera org\u00e1nica, sin fallas, impecable, ineludible. Su \u00faltimo suspiro lo dio el 14\/11\/2023, a los casi 16 a\u00f1os. Yo no pod\u00eda respirar; todo me daba vueltas, mi alma se sal\u00eda del cuerpo, todo me parec\u00eda irreal, un mal sue\u00f1o. Aunque ya lo preve\u00eda, una parte de m\u00ed se negaba a aceptar aquello que se acercaba de forma inexorable y ese momento hab\u00eda llegado.<\/p><p>Ella es mi empuje a d\u00eda de hoy; me env\u00eda se\u00f1ales y yo las sigo. Esta vez, con Dana, mi decisi\u00f3n ha sido diferente a la que intent\u00e9 tomar con Roy y con Tim. Tom\u00e9 la decisi\u00f3n de sanar esos duelos acumulados, de conocer y acercarme a la muerte, perderle el miedo para poder vivir la vida y seguir amando. Y, en esa decisi\u00f3n, el universo, Dana y tod@s l@s dem\u00e1s pusieron en mi camino a mi mentora, Laura Vidal, quien ha dado forma a parte de lo que soy hoy, a una misi\u00f3n, a un prop\u00f3sito que es el de acompa\u00f1ar a toda aquella o aquel que lo necesite.\u00bb<\/p>\t\t\t\t\t\t\t\t<\/div>\n\t\t\t\t<\/div>\n\t\t\t\t<div class=\"elementor-element elementor-element-91ca23e elementor-align-center elementor-widget elementor-widget-button\" data-id=\"91ca23e\" data-element_type=\"widget\" data-widget_type=\"button.default\">\n\t\t\t\t\t\t\t\t\t\t<a class=\"elementor-button elementor-button-link elementor-size-sm\" href=\"https:\/\/eljardindedana.com\/ada\/\">\n\t\t\t\t\t\t<span class=\"elementor-button-content-wrapper\">\n\t\t\t\t\t\t\t\t\t<span class=\"elementor-button-text\">SERVICIO ADA<\/span>\n\t\t\t\t\t<\/span>\n\t\t\t\t\t<\/a>\n\t\t\t\t\t\t\t\t<\/div>\n\t\t\t\t<\/div>\n\t\t\t\t<\/div>\n\t\t<div class=\"elementor-element elementor-element-78af435 e-con-full e-flex e-con e-parent\" data-id=\"78af435\" data-element_type=\"container\">\n\t\t<div class=\"elementor-element elementor-element-67fcfb4 e-con-full e-flex e-con e-child\" data-id=\"67fcfb4\" data-element_type=\"container\" data-settings=\"{&quot;background_background&quot;:&quot;classic&quot;}\">\n\t\t\t\t<div class=\"elementor-element elementor-element-bf05b6d elementor-widget elementor-widget-text-editor\" data-id=\"bf05b6d\" data-element_type=\"widget\" data-widget_type=\"text-editor.default\">\n\t\t\t\t\t\t\t\t\t<p>El Jard\u00edn de Dana\u00ae por Maite Duarte Todos lo derechos reservados \u2665 | Creada por Id.Tech<\/p>\t\t\t\t\t\t\t\t<\/div>\n\t\t\t\t<\/div>\n\t\t\t\t<\/div>\n\t\t\t\t<\/div>\n\t\t","protected":false},"excerpt":{"rendered":"<p>SERVICIO ADA UNIENDO ALMAS \u00abNo es la especie, es el v\u00ednculo\u00bb \u2014 Quieren enterrarle\u2014 S\u00ed.\u2014 Si esto es el amor, no lo quiero. Arrebat\u00e1dmelo, \u00a1por favor! \u00bfPor qu\u00e9 me causa tanto dolor?\u2014 Porque era verdadero. Di\u00e1logo entre Thranduil y Tauriel tras la muerte de Kili en la pel\u00edcula El Hobbit: La Batalla de los Cinco &#8230; <a title=\"Plantilla Maite inicio\" class=\"read-more\" href=\"https:\/\/plantillasweb.eu\/index.php\/plantilla-maite-inicio\/\" aria-label=\"Leer m\u00e1s sobre Plantilla Maite inicio\">Leer m\u00e1s<\/a><\/p>\n","protected":false},"author":1,"featured_media":0,"parent":0,"menu_order":0,"comment_status":"closed","ping_status":"closed","template":"elementor_canvas","meta":{"footnotes":""},"class_list":["post-876","page","type-page","status-publish"],"_links":{"self":[{"href":"https:\/\/plantillasweb.eu\/index.php\/wp-json\/wp\/v2\/pages\/876","targetHints":{"allow":["GET"]}}],"collection":[{"href":"https:\/\/plantillasweb.eu\/index.php\/wp-json\/wp\/v2\/pages"}],"about":[{"href":"https:\/\/plantillasweb.eu\/index.php\/wp-json\/wp\/v2\/types\/page"}],"author":[{"embeddable":true,"href":"https:\/\/plantillasweb.eu\/index.php\/wp-json\/wp\/v2\/users\/1"}],"replies":[{"embeddable":true,"href":"https:\/\/plantillasweb.eu\/index.php\/wp-json\/wp\/v2\/comments?post=876"}],"version-history":[{"count":4,"href":"https:\/\/plantillasweb.eu\/index.php\/wp-json\/wp\/v2\/pages\/876\/revisions"}],"predecessor-version":[{"id":887,"href":"https:\/\/plantillasweb.eu\/index.php\/wp-json\/wp\/v2\/pages\/876\/revisions\/887"}],"wp:attachment":[{"href":"https:\/\/plantillasweb.eu\/index.php\/wp-json\/wp\/v2\/media?parent=876"}],"curies":[{"name":"wp","href":"https:\/\/api.w.org\/{rel}","templated":true}]}}